e 5
12
-10 (base 13) to base 3
-111
Convert -26 (base 10) to base 6.
-42
b (base 14) to base 12
b
Convert 12 (base 3) to base 12.
5
What is 3 (base 6) in base 15?
3
133 (base 4) to base 15
21
Convert 185 (base 11) to base 9.
257
What is a (base 11) in base 3?
101
Convert 1 (base 5) to base 10.
1
Convert 92 (base 12) to base 13.
86
Convert 20 (base 4) to base 2.
1000
Convert 102 (base 8) to base 10.
66
What is -111011 (base 2) in base 9?
-65
What is 43 (base 5) in base 15?
18
1 (base 7) to base 8
1
-b (base 13) to base 9
-12
-262 (base 8) to base 12
-12a
What is 11 (base 11) in base 12?
10
What is 442 (base 8) in base 11?
244
What is 31 (base 5) in base 7?
22
Convert 14 (base 12) to base 9.
17
-18 (base 11) to base 2
-10011
Convert 102 (base 4) to base 13.
15
What is -5 (base 8) in base 5?
-10
Convert 2 (base 15) to base 6.
2
What is -2 (base 8) in base 13?
-2
What is -b (base 15) in base 11?
-10
11 (base 15) to base 6
24
-2000 (base 3) to base 8
-66
Convert -e (base 15) to base 7.
-20
What is 11 (base 5) in base 10?
6
-6 (base 10) to base 8
-6
What is 4 (base 6) in base 10?
4
Convert -107 (base 8) to base 2.
-1000111
What is 2 (base 15) in base 7?
2
Convert 7 (base 8) to base 9.
7
What is -5 (base 14) in base 11?
-5
What is -1 (base 8) in base 5?
-1
1024 (base 5) to base 15
94
-206 (base 7) to base 8
-150
-151 (base 8) to base 16
-69
2002 (base 3) to base 12
48
What is 5 (base 11) in base 2?
101
What is 75 (base 13) in base 7?
165
Convert -5 (base 16) to base 6.
-5
What is 4b (base 13) in base 6?
143
Convert d (base 14) to base 3.
111
Convert 4 (base 15) to base 13.
4
Convert 10 (base 2) to base 12.
2
Convert -2 (base 16) to base 12.
-2
-10 (base 3) to base 15
-3
-3 (base 10) to base 14
-3
-14 (base 16) to base 2
-10100
Convert -11 (base 14) to base 6.
-23
1 (base 6) to base 12
1
Convert 2 (base 14) to base 2.
10
-1202 (base 3) to base 12
-3b
Convert 2014 (base 5) to base 11.
216
2 (base 3) to base 16
2
443 (base 5) to base 4
1323
Convert c (base 16) to base 2.
1100
6 (base 10) to base 3
20
What is -3 (base 11) in base 6?
-3
Convert 21 (base 13) to base 14.
1d
4 (base 7) to base 5
4
4e (base 16) to base 8
116
What is -20 (base 7) in base 3?
-112
Convert 4 (base 8) to base 5.
4
Convert 18 (base 9) to base 2.
10001
Convert -210 (base 4) to base 13.
-2a
-3 (base 5) to base 16
-3
Convert 2 (base 13) to base 16.
2
What is 14 (base 6) in base 4?
22
3 (base 8) to base 3
10
What is 188 (base 10) in base 15?
c8
What is -8 (base 13) in base 11?
-8
What is 1 (base 2) in base 5?
1
3 (base 15) to base 12
3
Convert -100 (base 7) to base 10.
-49
What is -5 (base 7) in base 10?
-5
Convert 14 (base 6) to base 16.
a
What is -13 (base 7) in base 10?
-10
What is 16 (base 12) in base 10?
18
2 (base 5) to base 2
10
What is 155 (base 14) in base 11?
227
Convert -232 (base 9) to base 7.
-362
What is 60 (base 15) in base 11?
82
Convert 3 (base 7) to base 6.
3
Convert 1412 (base 5) to base 12.
174
What is 12 (base 9) in base 3?
102
4 (base 11) to base 2
100
Convert -250 (base 6) to base 13.
-7b
-10 (base 10) to base 13
-a
Convert -83 (base 11) to base 16.
-5b
Convert -2 (base 14) to base 15.
-2
Convert 29 (base 14) to base 10.
37
What is -7 (base 14) in base 12?
-7
Convert 412 (base 5) to base 7.
212
Convert 12 (base 11) to base 16.
d
102 (base 9) to base 13
65
Convert -5 (base 11) to base 7.
-5
Convert 34 (base 8) to base 16.
1c
-107 (base 13) to base 5
-1201
1 (base 4) to base 3
1
What is 0 (base 3) in base 12?
0
What is -3 (base 5) in base 9?
-3
What is -20 (base 9) in base 13?
-15
1010 (base 2) to base 11
a
Convert -105 (base 9) to base 8.
-126
10000 (base 2) to base 5
31
What is 102 (base 10) in base 8?
146
Convert 123 (base 15) to base 14.
146
What is 11 (base 16) in base 13?
14
Convert 103 (base 7) to base 8.
64
Convert -22021 (base 3) to base 10.
-223
-12 (base 9) to base 3
-102
Convert 0 (base 4) to base 14.
0
Convert 10 (base 2) to base 8.
2
Convert -4 (base 14) to base 11.
-4
Convert 1 (base 16) to base 5.
1
Convert -204 (base 8) to base 3.
-11220
Convert 0 (base 2) to base 4.
0
What is 14 (base 5) in base 10?
9
-10 (base 4) to base 11
-4
What is -5 (base 16) in base 10?
-5
What is 5 (base 14) in base 16?
5
What is -72 (base 10) in base 7?
-132
What is 3 (base 8) in base 10?
3
Convert -60 (base 13) to base 14.
-58
What is -234 (base 5) in base 14?
-4d
-16 (base 8) to base 3
-112
-1000 (base 2) to base 16
-8
What is -4 (base 14) in base 13?
-4
What is -54 (base 10) in base 7?
-105
-123 (base 5) to base 4
-212
Convert -21 (base 11) to base 16.
-17
-1 (base 7) to base 5
-1
3 (base 10) to base 2
11
-22 (base 9) to base 4
-110
Convert 23 (base 8) to base 12.
17
Convert -2002 (base 4) to base 9.
-154
What is 44 (base 9) in base 10?
40
0 (base 10) to base 13
0
Convert 3 (base 11) to base 12.
3
Convert -1 (base 15) to base 13.
-1
What is -12 (base 14) in base 10?
-16
What is b (base 12) in base 3?
102
What is 10 (base 16) in base 12?
14
What is 3 (base 10) in base 6?
3
What is -123 (base 6) in base 11?
-47
What is 9 (base 14) in base 3?
100
Convert 2 (base 8) to base 3.
2
Convert 200 (base 4) to base 12.
28
What is -1 (base 6) in base 11?
-1
Convert -22 (base 3) to base 7.
-11
1 (base 10) to base 6
1
What is 33 (base 7) in base 13?
1b
-32 (base 6) to base 2
-10100
What is 0 (base 3) in base 4?
0
-7 (base 14) to base 8
-7
What is -24 (base 7) in base 14?
-14
What is -1 (base 9) in base 6?
-1
Convert 0 (base 3) to base 2.
0
Convert -33 (base 14) to base 6.
-113
7 (base 9) to base 7
10
What is -4 (base 14) in base 6?
-4
Convert -27 (base 12) to base 11.
-29
-3 (base 16) to base 10
-3
What is -2110 (base 4) in base 14?
-a8
Convert 2 (base 14) to base 7.
2
11 (base 5) to base 8
6
What is 337 (base 11) in base 7?
1114
Convert -34 (base 10) to base 16.
-22
Convert 2 (base 15) to base 4.
2
-11000011 (base 2) to base 6
-523
Convert -2 (base 8) to base 13.
-2
Convert -9c (base 14) to base 15.
-93
2 (base 3) to base 2
10
Convert -2011 (base 4) to base 16.
-85
20 (base 5) to base 2
1010
What is b (base 12) in base 2?
1011
10 (base 14) to base 2
1110
2 (base 4) to base 15
2
What is -19 (base 11) in base 3?
-202
25 (base 15) to base 3
1022
What is 5 (base 12) in base 6?
5
What is 0 (base 14) in base 8?
0
-1000 (base 2) to base 15
-8
What is -28 (base 9) in base 16?
-1a
Convert 12 (base 5) to base 11.
7
What is -3 (base 8) in base 2?
-11
Convert -2 (base 3) to base 10.
-2
2b (base 15) to base 6
105
What is -101 (base 3) in base 13?
-a
Convert -4 (base 7) to base 8.
-4
What is 112 (base 7) in base 15?
3d
2 (base 14) to base 6
2
Convert 18 (base 10) to base 13.
15
Convert -7 (base 9) to base 4.
-13
-441 (base 8) to base 10
-289
Convert 3 (base 13) to base 3.
10
-115 (base 7) to base 8
-75
-3 (base 13) to base 5
-3
What is -22 (base 12) in base 4?
-122
220 (base 3) to base 9
26
-11d (base 16) to base 14
-165
What is -a3 (base 14) in base 13?
-b0
Convert -120 (base 3) to base 13.
-12
48 (base 11) to base 3
1221
What is -b (base 12) in base 3?
-102
What is 212 (base 4) in base 9?
42
Convert -1000 (base 3) to base 10.
-27
What is -1 (base 10) in base 9?
-1
-100110 (base 2) to base 3
-1102
What is 6 (base 13) in base 4?
12
What is 1d (base 16) in base 14?
21
What is -c0 (base 13) in base 15?
-a6
What is 114 (base 5) in base 10?
34
What is -243 (base 9) in base 10?
-201
What is -40 (base 5) in base 8?
-24
What is 34 (base 10) in base 16?
22
Convert -10 (base 7) to base 13.
-7
101111 (base 2) to base 8
57
What is 220 (base 4) in base 2?
101000
2 (base 3) to base 10
2
What is 1010 (base 2) in base 9?
11
What is 23 (base 13) in base 10?
29
3 (base 10) to base 2
11
What is 45 (base 10) in base 15?
30
What is 4 (base 14) in base 8?
4
Convert -1 (base 4) to base 6.
-1
62 (base 9) to base 8
70
Convert 3 (base 11) to base 16.
3
What is -11 (base 3) in base 5?
-4
-3 (base 7) to base 14
-3
What is 2 (base 7) in base 3?
2
What is 40 (base 5) in base 15?
15
What is 4 (base 6) in base 2?
100
-1110 (base 3) to base 8
-47
Convert 1110 (base 2) to base 10.
14
Convert 5 (base 11) to base 14.
5
-160 (base 7) to base 10
-91
12 (base 5) to base 12
7
124 (base 13) to base 12
147
Convert b (base 15) to base 7.
14
Convert 225 (base 8) to base 7.
302
-552 (base 6) to base 12
-158
Convert 11311 (base 4) to b